ime factors of c?
2, 3
Let r = -41 - -92. What are the prime factors of r?
3, 17
Let y(g) = -g**3 + 7*g**2 - 7*g + 8. Let p = 11 - 8. Suppose -k + 24 = p*k. List the prime factors of y(k).
2
Let g be 9/1 + 2/(-1). Suppose 6 = g*t - 4*t. What are the prime factors of 112/20 - t/(-5)?
2, 3
Let q = 15 - 10. Let m = 0 + q. Suppose 4*c + 5*n = -c + 40, -4*c + m*n + 32 = 0. What are the prime factors of c?
2
Suppose 0*m = m + 15. Let b = 27 + m. What are the prime factors of b?
2, 3
Let u be (-5)/(-25) - 368/(-10). Suppose 10 = 2*a, -d - d + 5*a = -u. List the prime factors of d.
31
Let k(x) = -x**3 - 7*x**2 - 10*x + 4. List the prime factors of k(-8).
2, 37
Let f = -155 - -292. List the prime factors of f.
137
Let n be -38*(15/(-2))/3. Suppose -x - 5*b = -43, 4*x - n - 35 = b. List the prime factors of x.
3, 11
Suppose 0 = -2*y + 3*h - 87, 2*h = -3*y - 27 - 110. List the prime factors of y/(-2) - 11/22.
2, 11
Let c(k) = k**2 - 8*k - 1. Let d be c(8). Let v = -1 - d. Suppose 0*j + 4*j - 16 = v. What are the prime factors of j?
2
Suppose 6*j - 973 = -49. What are the prime factors of j?
2, 7, 11
Let l(a) = a**2 + 8*a + 9. What are the prime factors of l(-12)?
3, 19
Suppose -5*a + 5 = 0, -2*f - 2*a + 9 = a. What are the prime factors of f?
3
Let i(s) be the first derivative of s**3 - 7*s**2 + 7*s + 7. What are the prime factors of i(6)?
31
What are the prime factors of (-770)/(-18) - 13/((-351)/6)?
43
List the prime factors of (-18)/42 + (-1437)/(-21).
2, 17
Let r be 0/((-4)/(2 - 0)). Let h be (-210)/(-6) + (r - -1). Let q = -24 + h. List the prime factors of q.
2, 3
What are the prime factors of 0 + 1 + 19*2?
3, 13
Let m = 2 - 15. Let d = m + 22. List the prime factors of d.
3
Let m = -511 + 773. List the prime factors of m.
2, 131
Suppose -4*s = -j + 17, -3*j - 2*s - 13 = 2*s. Let b = -1 - j. Let p = b + 9. What are the prime factors of p?
7
Suppose -4*b - 3*j + 97 = 0, -4*b + 3*j + 79 = -0*b. What are the prime factors of b?
2, 11
Suppose 0 = -0*m - 5*m, 4*m = -4*q + 8. Let b(p) = q*p**2 - 5 + 6*p - p**2 - 4*p. List the prime factors of b(-5).
2, 5
Let w(p) = -17*p - 13. What are the prime factors of w(-4)?
5, 11
List the prime factors of 8/44 + 295/11.
3
Let r = -25 + 53. What are the prime factors of r?
2, 7
Let z = 72 - 25. What are the prime factors of z?
47
Let s = -252 - -480. What are the prime factors of s?
2, 3, 19
Suppose -k + 4*u + 114 = -0*k, 192 = 2*k + u. List the prime factors of k.
2, 7
Let k(g) = g + 2. Let h be k(-3). Let p = h + 9. List the prime factors of p.
2
Let v(a) be the third derivative of -a**5/60 - a**4/4 + 7*a**3/6 - 2*a**2. List the prime factors of v(-5).
2, 3
Suppose -2*z - z = 4*j - 3, -9 = 3*z. Suppose -2*c = -5*y - 4 + 14, c - j*y = -6. Suppose c = -m - m + 8. What are the prime factors of m?
2
Let a(n) = -n**2 + 7*n + 6. Suppose -9 = -4*r - 1. Suppose 2*q + r*q - 5 = -3*w, 5*w - 47 = 3*q. What are the prime factors of a(w)?
2, 3
Suppose -2*r = -2*h + 148, -5*h + 456 = 4*r + 59. What are the prime factors of h?
7, 11
Suppose 3 = -2*d - 1. List the prime factors of d/(-7) - 468/(-28).
17
Let c(w) = -19*w - 11. List the prime factors of c(-7).
2, 61
List the prime factors of (3 - -13)/4 + 327.
331
Suppose 87 = -t + 308. List the prime factors of t.
13, 17
Let n = 19 - 18. What are the prime factors of -28*(0 - n) + -2?
2, 13
Suppose -1 = -f + 3. Suppose 4*q = -3*y + 25, 3*q + 13 = f*q + 3*y. Suppose 5 = -m - q*r + 31, 0 = -2*m - 5*r + 37. What are the prime factors of m?
2, 3
Suppose 4*i - 1 + 5 = 0. Let h(p) = 50*p**2 - p - 1. List the prime factors of h(i).
2, 5
Let u(k) = 48*k - 2. What are the prime factors of u(1)?
2, 23
Suppose -210 = 5*q - 12*q. List the prime factors of q.
2, 3, 5
Suppose 4*j - 3*o - 20 = 0, 0 = -0*o - o. Suppose 6*d - 4*d + 10 = 0, -d - 4 = -s. What are the prime factors of (2/s - -1) + j?
2
Let a(z) = 0*z**3 + 2*z**3 - 2 - z + 19*z**2 - 22*z**2. List the prime factors of a(3).
2, 11
Let p(h) = 3*h**3 - 3*h**2. Suppose -5*m = -2*r + 1 - 17, m + 5*r + 13 = 0. List the prime factors of p(m).
2, 3
Suppose -b + 3 = -16. Let c = 31 - b. List the prime factors of c.
2, 3
Let x = 11 - 8. Suppose -o + x*o = -10. List the prime factors of (4/(-5))/(1/o).
2
Let o(v) = -5*v - 10. List the prime factors of o(-5).
3, 5
Suppose 5*t + 4*t - 1557 = 0. What are the prime factors of t?
173
Let z(t) = -t**3 - 14*t**2 - 14*t - 10. Let a be z(-13). Suppose a*q - 104 = -q. List the prime factors of q.
2, 13
Let y = -5 - -25. List the prime factors of y.
2, 5
Let y = -1 + 4. Let v(i) = 29*i - 1. Let n be v(1). Suppose n = y*p + p. List the prime factors of p.
7
Let c(j) = j**3 + 13*j**2 + 14*j + 13. List the prime factors of c(-9).
211
Let y(p) = p**2 - 4*p + 1. Let u be y(6). Suppose -2*v = -u - 77. What are the prime factors of v?
3, 5
Let d be (-6)/2 + (2 - -7). Suppose 0 = 4*v + 3*y - 29 - 9, -3*y = d. List the prime factors of v.
11
Let l = 4 - -46. What are the prime factors of l?
2, 5
Suppose -5*l + 3*x = -485, 3*x = 2*l - 0*l - 194. What are the prime factors of l?
97
Let t(d) = 2*d**3 - 4*d**2 - 4*d - 2. Suppose 3*z = -4*x - 4, -5*z = -z - 5*x - 36. List the prime factors of t(z).
2, 23
Let n be 102/(-4)*10/(-15). Suppose -3*f = 5 - n. List the prime factors of f.
2
Let i(b) = -b. Let j be i(6). List the prime factors of 24/9 + (-2)/j.
3
Let d be (2 + -1)/1 + -5. Let t be (3/6)/(2/(-40)). Let x = d - t. What are the prime factors of x?
2, 3
Suppose 68*i = 60*i + 2600. What are the prime factors of i?
5, 13
Let p = -22 + 58. What are the prime factors of p?
2, 3
Let o(l) = -l**3 + 3*l**2 + l + 5. Let r be o(4). Let n = -8 - r. List the prime factors of 9 + 1 - 3*n.
13
Suppose -3*h + 0*f = f - 94, -2*h = -4*f - 58. List the prime factors of h.
31
Let n(p) = -p**3 - 2*p**2 + 2*p + 1. Let y be n(-3). Let q be (-2)/(-5) + (-22)/5. List the prime factors of (q/5)/(y/(-20)).
2
Suppose -3 = 4*l + 13. List the prime factors of 6/2 + l + 4.
3
Suppose -5*t + 2 + 53 = 0. List the prime factors of t.
11
Let o(v) = 5*v - 5. Let h(p) = -1. Let d(w) = 3*h(w) - o(w). What are the prime factors of d(-4)?
2, 11
Let u(v) = -13*v - 2. Let b be u(-2). Suppose 0*j = 2*j - b. What are the prime factors of j?
2, 3
Let h(y) be the second derivative of -y**5/20 - y**4/2 + y**3/6 - 9*y**2/2 - y. Let r be h(-7). Let c = r + -19. List the prime factors of c.
2, 7
Let m(k) be the first derivative of k**4/4 - 4*k**3/3 - k**2/2 - 6*k - 6. List the prime factors of m(5).
2, 7
Let j be (-5 - -4)/((-1)/28). What are the prime factors of 0 + (2 + -1)*j?
2, 7
List the prime factors of 191 - -6 - 9/3.
2, 97
Suppose -r = u - 6, 10 = u + 5*r - 3*r. Suppose -3*h + 10 = 2*b - 2, -4*b = 0. Suppose u*c + 5*v = -2 - 11, -50 = -5*c + h*v. What are the prime factors of c?
2, 3
Let m = 224 + -125. What are the prime factors of m?
3, 11
Let g(p) be the second derivative of p**4/12 - 2*p. List the prime factors of g(3).
3
List the prime factors of 303/(-27)*3*-3.
101
Suppose p - 50 = -2*c, 3*p - 4*c - 168 = -c. What are the prime factors of p?
2, 3
What are the prime factors of ((3 - 2) + 2/4)*132?
2, 3, 11
Let z = 44 + -18. What are the prime factors of z?
2, 13
Let u be (-80)/(-6)*(-9)/2. Let l be u/(-14) + 8/(-28). Suppose -2*k = -6*k + 3*f + 4, -2*k + 24 = l*f. List the prime factors of k.
2
Let h = 11 - 8. Suppose -h*f + 60 = -0*f. What are the prime factors of f?
2, 5
Let h = -3 + 6. Suppose 4*c - 97 = -h*n + 27, 0 = 4*c + 2*n - 128. List the prime factors of c.
2, 17
Let z(m) = m + 0 + 11*m + 2 + 1. List the prime factors of z(3).
3, 13
Let k be 4/(-18) + (-102)/27. Let u(y) = -4*y - 5. What are the prime factors of u(k)?
11
Let y(g) = 3*g**2 - 6*g - 14. List the prime factors of y(8).
2, 5, 13
Let x = 70 - 42. Let t = -19 + x. List the prime factors of t.
3
Suppose 0 = 4*p - 4*a + 2*a, -2 = -5*p + 2*a. Suppose -b + 0 = -p. What are the prime factors of b?
2
Let h(s) = -8*s + 4. What are the prime factors of h(-4)?
2, 3
Let l = -43 + 78. List the prime factors of l.
5, 7
Let h = -317 - -479. What are the prime factors of h?
2, 3
Let b = -4 - -9. Suppose -2*p - 8 = -6*p, b*m = 3*p + 49. List the prime factors of m.
11
List the prime factors of (2 + 23)*24/30.
2, 5
Let d = -134 - -187. What are the prime factors of d?
53
Let d(n) = -2*n**2 + 4